{"id":1726,"date":"2025-01-09T23:38:53","date_gmt":"2025-01-09T22:38:53","guid":{"rendered":"https:\/\/www.luxfaber.fr\/?post_type=product&#038;p=1726"},"modified":"2025-07-06T13:54:35","modified_gmt":"2025-07-06T11:54:35","slug":"planche-a-decouper-en-bois-dacacia-gravee-motif-ferme-et-vache-aubrac","status":"publish","type":"product","link":"https:\/\/www.luxfaber.fr\/index.php\/produit\/planche-a-decouper-en-bois-dacacia-gravee-motif-ferme-et-vache-aubrac\/","title":{"rendered":"Planche \u00e0 D\u00e9couper en Bois d&rsquo;Acacia Grav\u00e9e \u2013 Motif Ferme et Vache Aubrac"},"content":{"rendered":"<p><strong>L\u2019\u00e9l\u00e9gance rustique pour votre cuisine<\/strong><\/p>\n<p>Ajoutez une touche d\u2019authenticit\u00e9 \u00e0 votre espace culinaire avec cette magnifique planche \u00e0 d\u00e9couper en bois d\u2019acacia. Naturellement robuste et r\u00e9sistant \u00e0 l\u2019humidit\u00e9, le bois d\u2019acacia est non seulement durable mais \u00e9galement dot\u00e9 d\u2019une teinte chaleureuse et de superbes veinures uniques, faisant de chaque pi\u00e8ce un v\u00e9ritable objet d\u2019art.<\/p>\n<p><strong>Un design grav\u00e9 au laser, hommage \u00e0 la ferme et \u00e0 l&rsquo;Aubrac<\/strong><br \/>\nCette planche se distingue par une gravure au laser minutieuse repr\u00e9sentant une ferme pittoresque et la majestueuse vache Aubrac, symbole de nos terroirs authentiques. Chaque d\u00e9tail \u00e9voque le charme et la s\u00e9r\u00e9nit\u00e9 de la campagne.<\/p>\n<p><strong>Un alli\u00e9 pratique et esth\u00e9tique<\/strong>.<\/p>\n<ul>\n<li><strong>Polyvalente<\/strong> : Parfaite pour d\u00e9couper vos aliments ou comme plateau de pr\u00e9sentation pour vos ap\u00e9ritifs et fromages.<\/li>\n<li><strong>Entretien facile<\/strong> : Un simple nettoyage \u00e0 la main avec un chiffon humide pr\u00e9serve son \u00e9clat naturel.<\/li>\n<\/ul>\n<p><strong>Un cadeau qui fait toujours plaisir<\/strong><br \/>\nOffrez un morceau de nature et de savoir-faire \u00e0 vos proches. Cette planche est le cadeau parfait pour les amateurs de cuisine, les amoureux du terroir, ou pour toutes les occasions sp\u00e9ciales.<\/p>\n<p>Transformez vos moments culinaires en instants de partage et de raffinement avec cette planche \u00e0 d\u00e9couper en bois d\u2019acacia grav\u00e9e au laser.<\/p>\n<p><strong>Commandez d\u00e8s maintenant et apportez une touche d\u2019authenticit\u00e9 \u00e0 votre cuisine !<\/strong><\/p>\n","protected":false},"excerpt":{"rendered":"<p>El\u00e9gante planche \u00e0 d\u00e9couper ou de service en bois d\u2019acacia 100%, d\u00e9coration ferme et vache Aubrac.<\/p>\n<p>Le mod\u00e8le pr\u00e9sent\u00e9 indique un lieu, ceci est personnalisable, peut \u00e9galement ne pas porter de texte (\u00e0 pr\u00e9ciser lors de la commande).<\/p>\n<p>Dimensions : \u00a014 x 27,5\u00d71,4 cm, non lavable au lave-vaisselle<\/p>\n","protected":false},"featured_media":1700,"comment_status":"open","ping_status":"closed","template":"","meta":{"ocean_post_layout":"","ocean_both_sidebars_style":"","ocean_both_sidebars_content_width":0,"ocean_both_sidebars_sidebars_width":0,"ocean_sidebar":"0","ocean_second_sidebar":"0","ocean_disable_margins":"enable","ocean_add_body_class":"","ocean_shortcode_before_top_bar":"","ocean_shortcode_after_top_bar":"","ocean_shortcode_before_header":"","ocean_shortcode_after_header":"","ocean_has_shortcode":"","ocean_shortcode_after_title":"","ocean_shortcode_before_footer_widgets":"","ocean_shortcode_after_footer_widgets":"","ocean_shortcode_before_footer_bottom":"","ocean_shortcode_after_footer_bottom":"","ocean_display_top_bar":"default","ocean_display_header":"default","ocean_header_style":"","ocean_center_header_left_menu":"0","ocean_custom_header_template":"0","ocean_custom_logo":0,"ocean_custom_retina_logo":0,"ocean_custom_logo_max_width":0,"ocean_custom_logo_tablet_max_width":0,"ocean_custom_logo_mobile_max_width":0,"ocean_custom_logo_max_height":0,"ocean_custom_logo_tablet_max_height":0,"ocean_custom_logo_mobile_max_height":0,"ocean_header_custom_menu":"0","ocean_menu_typo_font_family":"0","ocean_menu_typo_font_subset":"","ocean_menu_typo_font_size":0,"ocean_menu_typo_font_size_tablet":0,"ocean_menu_typo_font_size_mobile":0,"ocean_menu_typo_font_size_unit":"px","ocean_menu_typo_font_weight":"","ocean_menu_typo_font_weight_tablet":"","ocean_menu_typo_font_weight_mobile":"","ocean_menu_typo_transform":"","ocean_menu_typo_transform_tablet":"","ocean_menu_typo_transform_mobile":"","ocean_menu_typo_line_height":0,"ocean_menu_typo_line_height_tablet":0,"ocean_menu_typo_line_height_mobile":0,"ocean_menu_typo_line_height_unit":"","ocean_menu_typo_spacing":0,"ocean_menu_typo_spacing_tablet":0,"ocean_menu_typo_spacing_mobile":0,"ocean_menu_typo_spacing_unit":"","ocean_menu_link_color":"","ocean_menu_link_color_hover":"","ocean_menu_link_color_active":"","ocean_menu_link_background":"","ocean_menu_link_hover_background":"","ocean_menu_link_active_background":"","ocean_menu_social_links_bg":"","ocean_menu_social_hover_links_bg":"","ocean_menu_social_links_color":"","ocean_menu_social_hover_links_color":"","ocean_disable_title":"default","ocean_disable_heading":"default","ocean_post_title":"","ocean_post_subheading":"","ocean_post_title_style":"","ocean_post_title_background_color":"","ocean_post_title_background":0,"ocean_post_title_bg_image_position":"","ocean_post_title_bg_image_attachment":"","ocean_post_title_bg_image_repeat":"","ocean_post_title_bg_image_size":"","ocean_post_title_height":0,"ocean_post_title_bg_overlay":0.5,"ocean_post_title_bg_overlay_color":"","ocean_disable_breadcrumbs":"default","ocean_breadcrumbs_color":"","ocean_breadcrumbs_separator_color":"","ocean_breadcrumbs_links_color":"","ocean_breadcrumbs_links_hover_color":"","ocean_display_footer_widgets":"default","ocean_display_footer_bottom":"default","ocean_custom_footer_template":"0","ofc_meta_disable_footer_callout":"","ofc_meta_callout_button_url":"","ofc_meta_callout_button_txt":"","ofc_meta_callout_text":"","ofc_enable_fullscreen":"disable","ofc_fullscreen_speed":0,"ofc_fullscreen_nav":"enable","ofc_fullscreen_nav_pos":"right","ofc_fullscreen_nav_color":"","ofc_fullscreen_nav_tooltip_color":"","ofc_fullscreen_responsive":0,"osp_disable_panel":"default","osh_disable_topbar_sticky":"default","osh_disable_header_sticky":"default","osh_sticky_header_style":"default","osh_sticky_header_effect":"","osh_custom_sticky_logo":0,"osh_custom_retina_sticky_logo":0,"osh_custom_sticky_logo_height":0,"osh_background_color":"","osh_links_color":"","osh_links_hover_color":"","osh_links_active_color":"","osh_links_bg_color":"","osh_links_hover_bg_color":"","osh_links_active_bg_color":"","osh_menu_social_links_color":"","osh_menu_social_hover_links_color":""},"product_brand":[],"product_cat":[34,49],"product_tag":[],"class_list":{"0":"post-1726","1":"product","2":"type-product","3":"status-publish","4":"has-post-thumbnail","6":"product_cat-creation-art-de-la-table","7":"product_cat-planches-a-decouper","9":"entry","10":"has-media","12":"first","13":"instock","14":"purchasable","15":"product-type-simple","16":"has-product-nav","17":"col","18":"span_1_of_3","19":"owp-content-center","20":"owp-thumbs-layout-horizontal","21":"owp-btn-normal","22":"owp-tabs-layout-horizontal","23":"has-no-thumbnails"},"jetpack_sharing_enabled":true,"_links":{"self":[{"href":"https:\/\/www.luxfaber.fr\/index.php\/wp-json\/wp\/v2\/product\/1726","targetHints":{"allow":["GET"]}}],"collection":[{"href":"https:\/\/www.luxfaber.fr\/index.php\/wp-json\/wp\/v2\/product"}],"about":[{"href":"https:\/\/www.luxfaber.fr\/index.php\/wp-json\/wp\/v2\/types\/product"}],"replies":[{"embeddable":true,"href":"https:\/\/www.luxfaber.fr\/index.php\/wp-json\/wp\/v2\/comments?post=1726"}],"version-history":[{"count":1,"href":"https:\/\/www.luxfaber.fr\/index.php\/wp-json\/wp\/v2\/product\/1726\/revisions"}],"predecessor-version":[{"id":1727,"href":"https:\/\/www.luxfaber.fr\/index.php\/wp-json\/wp\/v2\/product\/1726\/revisions\/1727"}],"wp:featuredmedia":[{"embeddable":true,"href":"https:\/\/www.luxfaber.fr\/index.php\/wp-json\/wp\/v2\/media\/1700"}],"wp:attachment":[{"href":"https:\/\/www.luxfaber.fr\/index.php\/wp-json\/wp\/v2\/media?parent=1726"}],"wp:term":[{"taxonomy":"product_brand","embeddable":true,"href":"https:\/\/www.luxfaber.fr\/index.php\/wp-json\/wp\/v2\/product_brand?post=1726"},{"taxonomy":"product_cat","embeddable":true,"href":"https:\/\/www.luxfaber.fr\/index.php\/wp-json\/wp\/v2\/product_cat?post=1726"},{"taxonomy":"product_tag","embeddable":true,"href":"https:\/\/www.luxfaber.fr\/index.php\/wp-json\/wp\/v2\/product_tag?post=1726"}],"curies":[{"name":"wp","href":"https:\/\/api.w.org\/{rel}","templated":true}]}}